 digit of s?
4
Suppose 3*f = 2*f, -4*k = -5*f - 244. Let i(o) = o**2 + 5*o - 6. Let g be i(-6). Suppose w + 2*c - 52 = 0, -w = -g*w + 5*c - k. What is the units digit of w?
6
Let k be 5229/42*-4*1/(-3). Let i = 402 - k. What is the units digit of i/(-6)*(2 + 16)/(-6)?
8
Let a be (-260)/(-8)*(865/25 - 1). Suppose -8*l + 273 = -7*l + 2*q, -a = -4*l + q. What is the units digit of l?
3
Let k be (2 - 3) + -1 - -198. Let x be k/4 + 4 + 3. Let d = x - 25. What is the tens digit of d?
3
Suppose -4*o - 4*t = -4, -o - 2*t - 2 = -0*t. What is the tens digit of (2 + -3 + o)/(1/67)?
0
Let d(k) = -k. Let h(m) = -7. Let z(g) = -10*d(g) - 2*h(g). Let x be 12/21 - (-282)/21. What is the units digit of z(x)?
4
Let q = -159 + -461. Let m = -214 - q. What is the hundreds digit of m?
4
Let b = 41 - 36. Suppose -2*c - 4*n + 8 = -8, 24 = b*c + 2*n. Suppose 0 = 2*v + c*q - 32, -3*v + v - 3*q + 37 = 0. What is the units digit of v?
6
Let u(l) = 5*l**2 + 94*l - 146. What is the tens digit of u(30)?
7
Suppose -9*v - 2346 = -11913. What is the tens digit of v?
6
Let p(o) = 33*o**2 - 40*o - 36. What is the units digit of p(-13)?
1
Let r(l) = l**3 - 25*l**2 + 30*l - 144. Let y be r(24). Suppose 25*q - 12947 - 2853 = y. What is the tens digit of q?
3
Let f = 45 - 43. Let h be 5*(f + ((-174)/(-15) - 0)). Let c = h - 54. What is the units digit of c?
4
Let t be (-1 - -8)*(-54)/(-6). Let y = -127 - t. Let l = -101 - y. What is the tens digit of l?
8
Let b be ((-4)/6)/((-8)/60). Suppose 7*r + b - 19 = 0. What is the tens digit of (r/(-1) - (-4 + -75)) + 0?
7
What is the thousands digit of (27/((-567)/57435))/(-1)?
2
Let t(a) = 1794*a**2 - 1806*a**2 - 20*a - 30 + a**3 - 4*a. What is the units digit of t(15)?
5
Let j = -4072 + 6478. What is the tens digit of j?
0
Let g = 704 + -1177. Let j = g - -781. What is the hundreds digit of j?
3
Suppose -5*f + 19 = -j, 0 = -f + 5*j + 2 - 3. Suppose 0 = -4*o - 5*c + 921, 5*o = c + f*c + 1185. What is the hundreds digit of o?
2
Let a(c) be the third derivative of 0*c + 0 - 2/3*c**3 + 5/3*c**4 - 13*c**2. What is the tens digit of a(1)?
3
Let d(q) = -45*q + 23. Suppose -17*n + 15 = -20*n. Let m be d(n). Let s = m + -143. What is the tens digit of s?
0
Let l = -47 - -45. Suppose 3*o - 10 = 8*o. What is the units digit of (o - 40)*3/l?
3
Let m be (2130/45)/(4/6). Let t = -128 + m. Let z = 142 + t. What is the tens digit of z?
8
What is the thousands digit of 3*(158128/12 - 17)?
9
Let t = 14848 + -9693. What is the hundreds digit of t?
1
Let j = 348 - 382. What is the units digit of 17/(j/(-520)) + -6?
4
Let q(m) = 2317*m - 48. Let g be q(2). Suppose -2*k - 11*o + 1820 = -7*o, o = -5*k + g. What is the tens digit of k?
1
Let s = 642 + -646. What is the hundreds digit of (-39 + 31)*270/s?
5
What is the units digit of 6924/19041 - 2/22*-112559?
3
Suppose 5*t - 16321 = 3714. What is the tens digit of t?
0
Suppose i + 3*k - 12 - 2 = 0, 4*i - 3*k + 4 = 0. Suppose -x - w = -150, -i*w + 299 = 2*x - w. What is the tens digit of x?
4
Suppose -5*a + 8 = -p - 15, -3*a + 4*p + 7 = 0. Suppose 80 = a*y - 13*y. What is the tens digit of 12 + (-63)/35 + 2/y?
1
Let b(i) = 13 + 7*i + 23 + 9*i**2 + 10*i + 58. What is the hundreds digit of b(-11)?
9
Suppose 35*h - 3*l + 464 = 36*h, -3*h - l = -1384. Suppose -h*p - 1694 = -468*p. What is the hundreds digit of p?
2
Let g(k) = 2*k**2 - 41*k + 95. Let j be g(18). Let q(x) = 1 + 3*x**2 + 5*x + 0 + 0. What is the hundreds digit of q(j)?
1
Let h(x) = 14*x**3 - x**2 + x - 7. Suppose 0 = -3*u - 0*u + 6. What is the units digit of h(u)?
3
Suppose -3*k + 529 + 1856 = 0. Suppose -7*t = -171 - k. What is the hundreds digit of t?
1
Suppose 3*i - 47 + 50 = 0. What is the hundreds digit of (-5 - 0) + 1029 + i?
0
What is the ten thousands digit of 1275/34*(19431/27 + 1)?
2
Let w be 112/4*(3 - 1). Let j be (-4)/18 + (2 - w/(-9)). Suppose 2*f + 642 = j*f. What is the hundreds digit of f?
1
Suppose 3*x + 5*r - 16085 = 0, -2*x = -7*x + 4*r + 26870. Suppose -11*u + x + 361 = 0. What is the units digit of u?
1
Suppose -133*h - 26*h + 3242806 = -2550359. What is the ten thousands digit of h?
3
Suppose -d = 2*z - 3913, 0 = 4*d - 4*z - 19126 + 3414. What is the thousands digit of d?
3
Let r(a) = a**3 + 8*a**2 - 11*a + 96. Suppose -625*t + 617*t + 48 = 0. What is the tens digit of r(t)?
3
Let x be (2 + 2)/((-20)/(-85)). Suppose -x*z + 3616 = 15*z. What is the units digit of z?
3
Suppose -739 = 4*a + 353. Let h be -4 - (-23 + 12 + 92). Let p = h - a. What is the hundreds digit of p?
1
Let o(y) = -139*y**2 + 5*y + 9. Let r(j) = 69*j**2 - 3*j - 5. Let m(g) = -4*o(g) - 7*r(g). Let h = 278 - 279. What is the units digit of m(h)?
1
Suppose -2*v - 2434 = -4*t - 0*t, 0 = 3*t + 4*v - 1842. Suppose 5*n + 17 = -8, t = 2*r + 2*n. What is the hundreds digit of r?
3
Let y(u) = 2*u - 21. Let p be y(12). Suppose -6*b + 5*o + 1355 = -b, p*o - 251 = -b. What is the units digit of b?
6
Suppose -3*p + 1877 = -3*h - 2*p, 0 = -2*h + p - 1253. Let s = h - -220. Let t = -279 - s. What is the tens digit of t?
2
Suppose -103664 = 4*p - 2*i, -i + 6*i = -2*p - 51808. What is the units digit of 6/(-4)*p/63?
7
Let f = -256 + 3727. What is the tens digit of f?
7
Let k(v) be the first derivative of -11/3*v**3 - 14*v**2 + 2*v - 1/4*v**4 + 14. What is the hundreds digit of k(-10)?
1
Let v = -12290 - -55541. What is the thousands digit of v?
3
Let b = -809 - -814. Suppose 0 = -b*w + 2299 + 3791. What is the units digit of w?
8
Suppose -11*u + 26879 = -24436. What is the tens digit of u?
6
Let h = 25608 - 14942. What is the hundreds digit of h?
6
Suppose 0 = 11*g + g - 24. Let k be -10*111/(-12)*g. Let w = k + -109. What is the units digit of w?
6
Let l(s) = 108*s + 984. What is the units digit of l(90)?
4
Suppose -3*n = -3*c + 93, 3*c = 4*n + 66 + 30. Let f = c + 48. What is the units digit of f?
6
Let o(x) = 489*x**3 + 12*x**2 - 15*x + 17. What is the thousands digit of o(3)?
3
Let x(k) = -221*k + 104. What is the thousands digit of x(-30)?
6
Suppose -5*g + 6*i = i - 10, 4 = 4*g - 5*i. Suppose 9*q + g = 12*q. What is the units digit of (-1 - 3/2)*(q + -4)?
5
Suppose 112 = -0*t + 2*t. Let x = -83 + t. What is the units digit of ((-54)/x)/(2/6 + 0)?
6
Let k = -112 - -112. Suppose k = -5*g - 2*p + 4948, -3*g + 398 = -4*p - 2576. What is the units digit of g?
0
Let d = -17 + 19. Suppose -5*o = d*k + k - 3, 4 = -3*o + 4*k. Suppose -3*r + 143 + 49 = o. What is the tens digit of r?
6
What is the thousands digit of 81278/10 - (-31)/155?
8
Let r(i) = 1567*i + 35. Let f be r(7). What is the units digit of (2 + 5/(-2))/((-42)/f)?
1
Suppose -89*g + 605912 = -0*g. What is the tens digit of g?
0
Suppose 0 = -2*u + 3*m - 33652 + 100578, 0 = 3*m + 6. What is the ten thousands digit of u?
3
What is the thousands digit of (-2*(-3527)/(-2))/((220/22)/(-40))?
4
Let i be (6*(-92)/8)/(3/2). Let v = 18 - i. Let h = -60 + v. What is the units digit of h?
4
Suppose 88*h - 71400 = -17*h. What is the tens digit of h?
8
Suppose -144*a + 1224043 = -405317. What is the hundreds digit of a?
3
Let h = 51 + -51. Suppose 2*n - 7*d + 3*d - 8 = 0, h = -5*n + 5*d + 25. What is the units digit of (-25)/15 - -3 - (-4)/n?
2
Suppose 2941176 = 127*z + 41*z. What is the ten thousands digit of z?
1
Let d(y) = -27*y + 83. Let x be d(12). Let c = 73 - x. What is the units digit of c?
4
Suppose -8*n + 12 = -6*n. Let v be (26/n - 4)*12/1. Suppose -v*q = -4, 5*d + 3*q - 312 = 2*d. What is the tens digit of d?
0
What is the ten thousands digit of 13/(-4)*(-6272 - 11 - -7)?
2
Let h = -126700 - -189718. What is the tens digit of h?
1
Let z = 1 - 1. Suppose -4*b + 411 = -j + 63, -4*b - 4*j + 348 = 0. Suppose z = -u + 34 + b. What is the tens digit of u?
2
Suppose 2*k = l + 5 + 5, 10 = 5*l + 2*k. Suppose -r - 3 + 3 = l. Suppose 5*a - 253 - 672 = r. What is the hundreds digit of a?
1
Let f be -3*(2 + -53)*1/(-9). Let u = 20 + f. Suppose 0*h + 5*g + 13 = -u*h, -4*h + 2*g = -26. What is the units digit of h?
4
Let i(w) = 11*w + 2*w**3 - 2*w**2 - 12*w + 29 - 4*w**3 + 6*w. What is the hundreds digit of i(-5)?
2
What is the tens digit of 510*(2/8)/((-2)/(-92))?
6
What is the thousands digit of ((-65270)/(-40) + -9)/((-3)/(-12))?
6
Let v(t) = -26*t - 15. Let p be v(15). Let q = 696 + p. What is the tens digit of q?
9
Let z(i) be 